alse
Let n(c) = -11*c + 437. Is n(0) a composite number?
True
Let b = -234 + 356. Suppose 382 = 5*u + b. Let i = u - -27. Is i prime?
True
Let l = 18 - 15. Let j(q) = -q + 7. Let n be j(l). Is n/(-8)*-68 + -1 a prime number?
False
Is 4/14 + ((-61904)/28)/(-4) composite?
True
Suppose -546413 + 169300 = -11*l. Is l prime?
True
Let u = 1291 - -912. Is u a composite number?
False
Let d = -813 - -1982. Suppose 4*j = i + d, 3*j - 6*i = -i + 864. Is j a composite number?
False
Let r = -19142 + 33385. Is r composite?
False
Let l(u) = -u**2 - 11*u + 28. Let y be l(-13). Suppose y*s + 4*g = 5214, -3*s = 2*g - 0*g - 7825. Is s a prime number?
True
Let q(i) = -2189*i + 72. Is q(-5) a composite number?
True
Let q(f) = -2*f + 8. Let c be q(6). Let u be -58 + 1 + -2 + -4. Let i = c - u. Is i a composite number?
False
Suppose -2*z = 3*j - 1224 - 1016, 3*j = -3*z + 3354. Suppose -3*f + 3*s + 1806 + 1524 = 0, -f - 3*s + z = 0. Is f prime?
False
Let a be 7 + -4 - (-10690 + 1). Let d = -7529 + a. Is d prime?
True
Suppose 2*u = 8512 - 2666. Is u prime?
False
Let l = 530 + -92. Let x = l - 171. Suppose -5*d + 68 + x = 0. Is d a composite number?
False
Suppose -d + 5*l + 30046 = 0, 0*d - 3*d + 3*l = -90198. Is d prime?
True
Let v be (-8761)/(-6) + 3/(-18). Let z = -16 + 24. Suppose -z*j - v = -12*j. Is j composite?
True
Let n(z) = z**3 + 7*z + 6. Let d be n(-5). Let f be (-3)/(152/d - -1). Let a = f - -442. Is a composite?
False
Let g be (-1491)/14*(9 - -1). Let w = g + 1552. Is w a composite number?
False
Suppose 0 = 13*n - 11*n + 422. Let f be (-6)/(-3) + -1 + 581. Let p = f + n. Is p composite?
True
Suppose -3*p + 3*t = -3423, 3*p + 3*t - 1843 = 1580. Is p a prime number?
False
Let q(a) = 256*a + 7. Let m(c) = -c**3 - c + 3. Let s be m(0). Let p be q(s). Suppose -2*b = -3*l + p, 868 = 5*l - 5*b - 427. Is l composite?
False
Suppose j - 248 = -g, j + 68 - 563 = -2*g. Suppose -o + g = y, 0*y + 2*y - o = 506. Is y a composite number?
False
Is -6597*((-1)/3 - (-3 + 3)) prime?
False
Is 20730 - 8/(-56)*-7 a prime number?
False
Let n(d) = -5*d**3 + 7*d**2 + 32*d - 1. Let t(c) = c**3 + c**2. Let q(l) = -n(l) - 4*t(l). Is q(18) a composite number?
False
Let w(i) = 73*i - 53. Let h be w(-22). Let q = 1790 - h. Is q composite?
False
Let l(q) = 11*q**3 - 2*q**2 - 26*q - 104. Is l(15) a composite number?
True
Let r be (-9)/(-3)*2/(-3). Is (r/4)/((-15)/4890) prime?
True
Let k be (3 - 7)*(1 - 283/2). Suppose -5*m = -k - 1333. Is m prime?
True
Let y = 18112 - 10283. Is y composite?
False
Let r = 5436 + -3107. Is r a composite number?
True
Let m(o) = -4245*o + 113. Is m(-1) a prime number?
False
Suppose 10*i - 6*i - 3069 = -m, -2*m - 2*i + 6108 = 0. Is m composite?
False
Suppose -l + 0 + 3 = 0. Suppose -2*y = -11 + 5, l*j + y = 1440. Let u = 8 + j. Is u composite?
False
Suppose 0 = 2*h - 4101 + 1379. Is h prime?
True
Suppose -p + 146 - 12 = 0. Suppose -3*g - 58 = -4*f + 2*f, -2*f = -4*g - 74. Let x = p + g. Is x composite?
True
Let s(v) = v**2 + v + 1. Let p(d) = -4*d**2 - 7*d + 7. Let r(z) = p(z) + 3*s(z). Let b be r(-6). Is b/(-8)*4064/8 prime?
True
Let w = 40 + -41. Let m(o) = -468*o - 2. Let j be m(w). Is j*1*8/16 prime?
True
Let h(n) be the first derivative of 9*n**2/2 + 521*n + 54. Is h(0) prime?
True
Let m = 1 + 8. Suppose -10*i = -7*i - m. Is 17168/24*i/2 a composite number?
True
Let t = 68 + -33. Let m = t + 68. Is m prime?
True
Let o(z) be the first derivative of z**4/4 + 8*z**3 + 5*z**2 + 8*z + 7. Is o(-23) composite?
False
Suppose 5*p - r = -7, -5*p = -3*r + r + 4. Let y = p + -14. Let n = y - -29. Is n a prime number?
True
Suppose 0 = -5*b + 383 + 92. Suppose 0 = -k - 0*k + 4*q - 28, q = k + 43. Let x = k + b. Is x a composite number?
False
Suppose -6*i + 9*i = 150. Let f = i + 43. Is 2/((-12)/f)*-14 composite?
True
Let f be -1 + 5/15 - (-22018)/6. Suppose -7*h - 806 = -f. Is h a composite number?
False
Is ((-6)/(-21) + 25/35)*1657 prime?
True
Let c = 2047 - 1146. Is c prime?
False
Let c = 294 - 493. Let y = -54 - c. Is y prime?
False
Let b(n) = -26*n**3 + 2*n**2 + 12*n - 35. Is b(-8) composite?
False
Suppose -1537*l - 65290 = -1547*l. Is l a composite number?
False
Suppose 0 = 5*h + 3*l - 0*l - 42, 4*l - 16 = 0. Let a be (44/h)/((-32)/48). Let c(n) = -101*n + 6. Is c(a) a prime number?
True
Suppose -13*h - 42 = -16*h. Let p = 108 - h. Is p a prime number?
False
Suppose l + 4*o = 5*l - 44, 0 = l + 5*o + 7. Let g(d) = -d**3 + 19*d**2 - 9*d + 9. Is g(l) a prime number?
True
Let t(c) = 401*c**2 + c - 8. Let h be t(3). Is 5/((-50)/(-6)) + h/10 a prime number?
False
Let t = -642 + 913. Let i = t + -144. Is i prime?
True
Let a be -2 + 5 + -4 + 8. Suppose 0 = -12*v + a*v + 10635. Is v composite?
True
Let o = 7 + -7. Let r = 3 - o. Suppose 205 - 652 = -r*f. Is f a prime number?
True
Let g = -16 + 26. Suppose -5*t = 2*w + g, -4*t - t = -2*w - 10. Suppose -5*r + 208 = 2*f - 137, -r + 3*f + 86 = t. Is r composite?
False
Let w(a) = -17*a**3 - 9*a**2 - 14*a + 47. Is w(-8) a composite number?
False
Suppose 3 = 2*r - 5*p, 3*r - 2*p + 8 = -4. Let b(c) = c + 11. Let t be b(r). Suppose 0 = 2*a - 3*a + z + 17, -27 = -3*a - t*z. Is a composite?
True
Suppose 0 = -4*x + 296 + 1872. Let a = 1461 - x. Is a composite?
False
Suppose -25 + 275 = 2*p + 3*c, c = 5*p - 608. Is p prime?
False
Is 0 + 2/1 - -9027 a prime number?
True
Suppose 5*s + 0*s - 95 = 0. Let m = -21 + s. Is m/4 + 450/12 prime?
True
Suppose -m + 4*p + 945 = 0, -2098 - 1736 = -4*m - 2*p. Suppose -4*d + 2911 = -m. Is d a prime number?
True
Suppose 2*u + 5*k = 27, 5*k = 3*u - 4 - 74. Suppose -u*a - 708 = -27*a. Is a a composite number?
True
Let j(o) be the third derivative of -11*o**5/30 - 5*o**4/12 - o**3 - 5*o**2. Let t be j(-7). Is t/(-9) + (-1)/(-3) composite?
False
Let f(n) be the first derivative of -n**4/4 - 19*n**3/3 - 7*n**2/2 - 22*n + 28. Is f(-19) a prime number?
False
Let d be 9 + 1 + 2/(-1). Let i(v) = -10*v**2 - 5*v - 6. Let a(o) = -23*o**2 - 11*o - 13. Let l(k) = -4*a(k) + 9*i(k). Is l(d) composite?
True
Let x = -2 + 6. Let b(g) = 29*g**2 - 4. Let i be b(x). Suppose i = 4*h + 16. Is h a composite number?
True
Let s be (-10)/4*108/(-30). Let u be -156*(33/s - 3). Let h = 59 - u. Is h a composite number?
False
Suppose 58779 = 40*i - 13*i. Is i composite?
True
Let j be 20/6*3/2. Suppose a + 5*r = 786, 0*a + j*r = -5*a + 3950. Is a a composite number?
True
Let x(r) = 3*r**2 - 53*r + 25. Is x(33) prime?
True
Suppose 0 = -2*l + 4*v + 666, 0 = -2*l - l - 3*v + 1017. Is (-2)/(-4 - (-1346)/l) composite?
False
Let f = 46328 - 79275. Let j = -23076 - f. Is j a prime number?
True
Let u(x) = 3*x - 13. Let v(k) = 4*k - 20. Let l(y) = 8*u(y) - 5*v(y). Let r be l(4). Let q = r + -1. Is q prime?
True
Let j(r) = r**3 - 4*r**2 + 6*r - 7. Let l be j(4). Let m = l - -170. Is m a prime number?
False
Let p = -281 - -1637. Suppose -p = 4*t - 16*t. Is t composite?
False
Let r(y) = -83*y**3 + y**2 - 10*y - 3. Let w(a) = -a**3 - a**2 + a - 1. Let u(s) = r(s) + 4*w(s). Is u(-3) a composite number?
False
Suppose -2 - 2 = -4*h. Let n be h - -19 - (3 + -3). Suppose -4*b + n = -8. Is b composite?
False
Let l(w) = w**3 - 19*w**2 - 20*w + 2. Let b be l(20). Suppose -4*h + 1194 = b*q, 7*q - 878 = -3*h + 2*q. Is h a composite number?
True
Let h(k) = -3*k**2 - 3*k + 1343. Is h(0) a composite number?
True
Let t be 3/(-5) - 344/(-40). Let z(i) = -1 + 5*i**2 - 3 + 1 + t*i. Is z(8) prime?
False
Suppose 432*x - 437*x = -24985. Is x prime?
False
Suppose 4*f = 3*u - u + 644, -5*u + f = 1601. Let m = u + 452. Is (1 - -32)*m/36 a composite number?
True
Suppose 4*u = -2*u + 63276. Is u a prime number?
False
Let x = 17458 + -11789. Is x prime?
True
Let i(a) = -4*a - 1. Let k(l) = -l**2 - 6*l - 2. Let v be k(-5). Suppose -5*j - 7 = v*p, -2*j - 2*j + 16 = -3*p. Is i(p) a prime number?
False
Let j be 0 - (3 - 3) - -5. Suppose 377 = -2*t + j*t - 4*m, -504 = -4*t + 5*m. Is t a composite number?
False
Let a(g) = 197*g. Let c be a(1). Let o = -447 - -918. Let u = o - c. Is u a composite number?
True
Let w be ((-8)/6)/(2/(-3)). Let u(v) = -w*v**2 + 0*v**2 + 4*v**2 - 10*v - 5 + 2*v. Is u(11) a composite number?
False
Let s = -7035 + 9958. Is s a prime number?
False
Let u(c) = -119*c + 2. Let k(o) = -o. Let p(l) = 6*k(l) + u(l). Let q(h) = -5*h + 14. Let w be q(3). Is